). Let r = -244 + m. Is r prime?
False
Suppose 3*o + o - 88 = 0. Let x = -25 + o. Is x - 1 - -2 - -85 composite?
False
Suppose -34*z + 38*z = 20. Suppose z*w - 2*i - 61869 = -i, 4*w = -4*i + 49476. Is w a prime number?
True
Let f be ((-24)/(-10) - (-5 + 9))*1490. Is (-45)/6*f/40 a prime number?
False
Let i(w) = 6*w**2 + 2*w + 11. Suppose -z = 13 - 6. Let j be i(z). Suppose c - 35 = j. Is c a composite number?
True
Suppose 0 = 15*l - 19*l + 8. Let n(d) = -257*d**3 - d**2 + d - 2. Let p be n(l). Is 1 + p/(-15) + (-4)/(-6) a composite number?
False
Let d(u) = 2*u**3 - u**2 - 10*u - 14. Suppose -47*v - 195 = -44*v. Let j = -58 - v. Is d(j) a prime number?
False
Let g = -5796 - -15800. Suppose -259 = -n - 255. Suppose n*f - 2*k = -3*k + 10008, 4*f = -2*k + g. Is f composite?
False
Let z be (239474/(-2))/((-27)/297). Suppose -663102 = -11*g + z. Is g composite?
True
Let j = -160 + 156. Let z be ((-32)/4)/(1 + 0). Is z/j + (-1 - -492) a composite number?
True
Suppose -4447228 + 266892 = -16*s. Is s a composite number?
False
Let p = 38 - 33. Suppose -v - 2*v = -p*m + 6, 3*m - 8 = 4*v. Is (2 + -675)/(m/(-2) + -1) composite?
False
Let k(i) = i**3 - 6*i**2 + 9*i - 39. Let p be k(5). Is (p/(-19))/(1/13229) a prime number?
True
Let n be (-3)/(-33)*2 - (-2820)/(-22). Is (n/40 - -3) + 9006/5 a composite number?
False
Is -2 + 40/12 + (-790650476)/(-462) a composite number?
True
Let y(v) = -2*v**3 - 2*v**2 + 13*v - 16. Suppose 3*l - 5*h = -2 + 67, l = 5*h + 25. Suppose -l*i = -19*i + 7. Is y(i) composite?
True
Let z(x) = x**2 - 13*x + 21. Let w be z(11). Let d(p) = 7*p**2 - 2*p - 13. Let c(s) = s**3 + s**2 + s. Let l(i) = w*d(i) - 6*c(i). Is l(-6) a prime number?
False
Suppose 3*k - 2*k + 6 = -2*v, -k - 2 = v. Suppose -2*s = -5*i + 167, 4*s - k = -6. Suppose 0 = -x + 50 + i. Is x a composite number?
False
Suppose 97 = 5*d - 45113. Is 3/(-2 - (-18102)/d) a prime number?
False
Let r = 31261 - 16015. Suppose 3*w + 2025 = 2*k + 24898, -2*w = -2*k - r. Is w a composite number?
True
Suppose 1638*d = 1626*d + 24744. Is d a prime number?
False
Let t(j) = -3*j**3 - 4*j**2 + 4*j - 8. Let g be t(-5). Let b be g/78 - (-1)/((-6)/1). Suppose -6*c + b*c + 1611 = 0. Is c a composite number?
True
Let r = -5971 + 1883. Let s = 11015 + r. Is s a prime number?
False
Let a(w) = 3332*w + 313. Is a(15) a prime number?
False
Let p(n) = 47*n + 5. Let l(x) = -x**2 + 3*x + 14. Let t be l(6). Let c be p(t). Let z = c + 434. Is z a composite number?
False
Let a(j) = 2*j**2 + 10*j + 15. Let q be (-4 + 4)*1/(-2). Suppose 3*x - 13 - 11 = q. Is a(x) composite?
False
Let k = -3257 + 2217. Let o = k + 474. Let p = o + 1685. Is p a prime number?
False
Let x be -4 - (4 - (-63)/(-3)). Let w(r) = 93*r - 22. Let h be w(x). Suppose -h = -4*f + 569. Is f composite?
False
Let h be (6/10)/((-9)/(-30)). Suppose 88 = h*x - 86. Is x a composite number?
True
Is 6/(-4) - 106/((-13)/((-88062)/(-24))) composite?
False
Suppose -16*u = 40*u + 62*u - 21264898. Is u prime?
True
Let s(c) be the first derivative of -1/3*c**3 - 15 + 223*c + 1/4*c**4 - c**2. Is s(0) a prime number?
True
Suppose 21*c + 140 = -49. Let s(y) = 174*y**2 - 7*y - 14. Is s(c) a prime number?
True
Suppose -27767529 = -82*s + 40858681. Is s a prime number?
False
Let l = -647 - -649. Is (38/(-57))/(l/(-4947)) a composite number?
True
Suppose 2*m + 4 = 4*c, -3*m - 2*m + 5 = -5*c. Suppose -x + 3*x + 2*g = 2630, c*g = 3*x - 3969. Is x composite?
False
Let b = 21587 - -8202. Is b a prime number?
True
Suppose 13*l - 64 = -12. Suppose -l*q = -3420 + 1256. Is q a composite number?
False
Let t = -4385 + 14425. Suppose -4*k - 15447 = -5*h + t, 2*h - 10184 = -2*k. Is h a prime number?
False
Suppose 2*t + 366 = 1584. Let o = 1618 - t. Is o composite?
False
Suppose 4*o = 84619 + 517273. Is o prime?
True
Let q(s) = 292*s**2 - 59*s - 69. Is q(-38) composite?
True
Let d be 6 + -1 + -6 + -3. Is 1*4 - (d + 7 - 2878) prime?
True
Let r = 12781 + -3544. Is 16/12*r*(-5)/(-4) composite?
True
Let v be (-18 - 0)*(-6)/12. Suppose -117 = -v*d - 0*d. Suppose -d*x + 2983 = -1320. Is x composite?
False
Suppose -182 = 9*m - 209. Suppose -14536 + 3542 = -4*j - 3*r, 6 = m*r. Is j a prime number?
False
Suppose 5*j + 44 = 3*f, -3*j = f - 4*f + 36. Suppose -4*g = 3*t + 4631, -f*t = 5*g - 5*t + 5785. Is 15/6 + g/(-4) a composite number?
True
Suppose 0*s + 5*s = 5*j, -s + 4*j = 9. Suppose 5*d + 327 = s*z - 9453, z = -2*d + 3271. Is z a composite number?
True
Suppose -4*f - 524056 = -2*o - 155006, 4*f - 922527 = -5*o. Is o a composite number?
False
Suppose -5*r + n - 22 = -0*r, r = -5*n + 6. Is (-2 - 11/r) + 25085/20 a composite number?
True
Let t = 140 - 133. Let q(h) = -2*h + 10 - t + 8 - 129*h. Is q(-6) prime?
True
Is (-10)/(-4)*((-4318544)/(-40))/17 a composite number?
False
Let a = 2339374 - 1483707. Is a prime?
True
Is 24/(0 - 4) + (3 - 6) + 476 prime?
True
Is 2 - (-1806)/(-28)*-522 composite?
True
Suppose 0 = 435*i - 355*i - 18894640. Is i composite?
True
Let x(j) = -10766*j + 5. Let s be x(1). Is (-13 - -13) + 4/((-12)/s) composite?
True
Let n = 113243 - 74248. Suppose 2*j = 4*j - 10. Suppose 0 = -6*m - j*m + n. Is m prime?
False
Is ((-705)/(-470))/((-3)/(-147794)) composite?
False
Let t be 5 + -4 + 3 + 0 - 3. Suppose -q + t + 10 = 0. Let d(f) = 11*f**3 - 2*f**2 + 4*f + 4. Is d(q) a prime number?
True
Suppose -5*z - 901755 = -45*z - 5*z. Is z a composite number?
True
Suppose f - 361 = -0*f. Let v = -844 - -847. Suppose -5*h - 2*p = -4*h - f, v*h - 1088 = -5*p. Is h a prime number?
False
Suppose 2*h - 3*x = -3, -5*h - 4*x - 4 + 8 = 0. Suppose h = 19*v - 18*v + 10. Is (-92)/v*(-2)/(2/(-5)) prime?
False
Let z be (-2)/(-42)*-3 - 65/35. Suppose 3*h + 26 = 5*h. Is (h - 3142)*z/6 prime?
False
Is ((-11)/3)/(489/(-35558613)) a prime number?
False
Suppose -22 + 1 = -3*f - o, -3*o - 33 = -3*f. Suppose -14*i + 18 = -f*i. Suppose -i*d - 2*g + 13707 = 0, 2*d - 9783 + 626 = 5*g. Is d a composite number?
True
Let t(a) = 10*a**2 + 99*a + 24. Let p(m) = 2*m**3 - 13*m**2 - 11*m + 9. Let k be p(7). Is t(k) composite?
False
Suppose -30841 = 25*l - 398941. Suppose -2*n + 2436 + 1251 = p, 4*p = 4*n + l. Is p prime?
False
Let f = -259487 + 444052. Is f a composite number?
True
Let c = 3736 + 1325. Suppose -3*n + c = 2*b, 5*b - n = 21944 - 9266. Suppose -4*t + 157 = -b. Is t composite?
False
Suppose 3*n - 7 = -118. Let m = 40 + n. Suppose 2*l - 226 = -4*h + 148, 3*l - 567 = -m*h. Is l prime?
True
Let k(n) = 58578*n + 285. Is k(9) composite?
True
Let b(o) = -34 + o**2 + 18 + 14*o + 19 - 9*o**2. Let j be b(13). Is 0*(-2)/4 + j/(-3) a composite number?
False
Suppose -4*p - 145 + 153 = 0. Suppose 5*q - p = 13. Suppose 0 = -2*v, -6*w + q*w = v - 1461. Is w prime?
True
Suppose 88389327 + 16141826 = 547*l. Is l prime?
True
Suppose -w = 4*h - 750981, 5*w - 165498 - 773232 = -5*h. Is h prime?
False
Let l(u) = 1376*u**3 + 27*u**2 - 75*u + 1. Is l(3) a prime number?
True
Let b be (4/18)/1 + (-33)/27. Let y be 1 - (b - 1) - (-592 - 6). Suppose 6*r - 2359 = -y. Is r composite?
False
Let r(x) = 3*x**2 + 2*x + 15. Let t(h) = -6*h + 14. Let q = 77 - 74. Let j be t(q). Is r(j) a prime number?
False
Let b(j) = 5839*j + 114. Is b(1) composite?
False
Suppose -58*c - 98*c = -8*c - 3186588. Is c prime?
False
Let g(i) = -3*i**2 + 13*i + 13. Let d = 36 + -41. Let v(j) = 2*j**2 - 14*j - 12. Let a(l) = d*g(l) - 4*v(l). Is a(-5) composite?
True
Suppose -58*k + 20872374 - 1691136 = 0. Is k a composite number?
True
Let v(n) = -14127*n - 1337. Is v(-5) prime?
False
Let c = 26410 + -6569. Is c a composite number?
False
Let m be (-836)/(-57)*(-1 - 14/4). Let p = 6 - 3. Is (21/(-6))/(p/m) a composite number?
True
Suppose 142*k + 4925 = 8163819. Is k a prime number?
True
Suppose -3*f = 9, 16682 + 3725 = 5*q - 4*f. Is q composite?
False
Suppose 9*t + 24*t - 1155 = 0. Is -18454*(-11)/(154/t) a prime number?
False
Suppose -o - 7 - 7 = -5*u, 0 = 4*u - 16. Suppose 3*r - o*r = -33381. Is r a prime number?
False
Let p(o) = -o**3 + 3*o**2 - 2*o + 6. Let i be p(0). Suppose i - 13 = 5*d + 2*u, 5*d + 31 = 4*u. Is ((-3685)/(-10))/(d/(-6)) prime?
False
Let g = 270407 - 26738. Is g a prime number?
False
Suppose 0 = 19*q - 825359 - 2453414. Is q a prime number?
False
Let f = -22 + 46. Let b be (-4 - -2)*(-6 - -4) - -633. Let m = b - f. Is m a